{"id":1953,"date":"2025-06-05T07:12:41","date_gmt":"2025-06-05T05:12:41","guid":{"rendered":"https:\/\/www.mlynuanastazie.sk\/?page_id=1953"},"modified":"2025-06-16T18:58:36","modified_gmt":"2025-06-16T16:58:36","slug":"services-3","status":"publish","type":"page","link":"https:\/\/www.mlynuanastazie.sk\/index.php\/services-3\/","title":{"rendered":"Services #3"},"content":{"rendered":"\t\t<div data-elementor-type=\"wp-page\" data-elementor-id=\"1953\" class=\"elementor elementor-1953\">\n\t\t\t\t<div class=\"elementor-element elementor-element-174eaf3 e-flex e-con-boxed e-con e-parent\" data-id=\"174eaf3\" data-element_type=\"container\" data-settings=\"{&quot;background_background&quot;:&quot;classic&quot;}\">\n\t\t\t\t\t<div class=\"e-con-inner\">\n\t\t\t\t\t<\/div>\n\t\t\t\t<\/div>\n\t\t<div class=\"elementor-element elementor-element-99c75f1 e-flex e-con-boxed e-con e-parent\" data-id=\"99c75f1\" data-element_type=\"container\">\n\t\t\t\t\t<div class=\"e-con-inner\">\n\t\t\t\t<div class=\"elementor-element elementor-element-f8bc043 elementor-widget elementor-widget-text-editor\" data-id=\"f8bc043\" data-element_type=\"widget\" data-widget_type=\"text-editor.default\">\n\t\t\t\t<div class=\"elementor-widget-container\">\n\t\t\t\t\t\t\t\t\t<p>Na\u0161e 15. narodeniny sme osl\u00e1vili vo ve\u013ekom \u0161t\u00fdle \u2013 v duchu Gatsbyho \u00e9ry! Bola to nezabudnute\u013en\u00e1 p\u00e1rty a sme nesmierne v\u010fa\u010dn\u00ed, \u017ee ste boli jej s\u00fa\u010das\u0165ou. \u010eakujeme ka\u017ed\u00e9mu jedn\u00e9mu hos\u0165ovi, ktor\u00fd sa u n\u00e1s po\u010das uplynul\u00fdch 15 rokov zastavil. Najv\u00e4\u010d\u0161ou rados\u0165ou je pre n\u00e1s mo\u017enos\u0165 robi\u0165 to, \u010do milujeme, a deli\u0165 sa o chv\u00edle pln\u00e9 radosti s vami.<\/p>\t\t\t\t\t\t\t\t<\/div>\n\t\t\t\t<\/div>\n\t\t\t\t\t<\/div>\n\t\t\t\t<\/div>\n\t\t<div class=\"elementor-element elementor-element-a1aded5 e-flex e-con-boxed e-con e-parent\" data-id=\"a1aded5\" data-element_type=\"container\">\n\t\t\t\t\t<div class=\"e-con-inner\">\n\t\t\t\t<div class=\"elementor-element elementor-element-bc70be2 elementor-widget elementor-widget-spacer\" data-id=\"bc70be2\" data-element_type=\"widget\" data-widget_type=\"spacer.default\">\n\t\t\t\t<div class=\"elementor-widget-container\">\n\t\t\t\t\t\t\t<div class=\"elementor-spacer\">\n\t\t\t<div class=\"elementor-spacer-inner\"><\/div>\n\t\t<\/div>\n\t\t\t\t\t\t<\/div>\n\t\t\t\t<\/div>\n\t\t\t\t\t<\/div>\n\t\t\t\t<\/div>\n\t\t<div class=\"elementor-element elementor-element-f02cf1a e-grid e-con-boxed e-con e-parent\" data-id=\"f02cf1a\" data-element_type=\"container\">\n\t\t\t\t\t<div class=\"e-con-inner\">\n\t\t\t\t<div class=\"elementor-element elementor-element-1ab330f elementor-widget elementor-widget-testimonial\" data-id=\"1ab330f\" data-element_type=\"widget\" data-widget_type=\"testimonial.default\">\n\t\t\t\t<div class=\"elementor-widget-container\">\n\t\t\t\t\t\t\t<div class=\"elementor-testimonial-wrapper\">\n\t\t\t\t\t\t\t<div class=\"elementor-testimonial-content\">\u010eakujeme,\u017ee sme mohli s Vami osl\u00e1vi\u0165 15.narodeniny.Bol to \u00fa\u017easn\u00fd z\u00e1\u017eitok,kr\u00e1sna v\u00fdzdoba,v\u00fdborne jedlo a perfektn\u00e1 z\u00e1bava.Nech sa V\u00e1m aj na\u010falej takto dar\u00ed.<\/div>\n\t\t\t\n\t\t\t\t\t\t<div class=\"elementor-testimonial-meta elementor-has-image elementor-testimonial-image-position-aside\">\n\t\t\t\t<div class=\"elementor-testimonial-meta-inner\">\n\t\t\t\t\t\t\t\t\t\t\t<div class=\"elementor-testimonial-image\">\n\t\t\t\t\t\t\t<img fetchpriority=\"high\" decoding=\"async\" width=\"720\" height=\"720\" src=\"https:\/\/www.mlynuanastazie.sk\/wp-content\/uploads\/2025\/06\/46800973_2084346288253424_1171514005714370560_n.jpg\" class=\"attachment-full size-full wp-image-2053\" alt=\"\" srcset=\"https:\/\/www.mlynuanastazie.sk\/wp-content\/uploads\/2025\/06\/46800973_2084346288253424_1171514005714370560_n.jpg 720w, https:\/\/www.mlynuanastazie.sk\/wp-content\/uploads\/2025\/06\/46800973_2084346288253424_1171514005714370560_n-300x300.jpg 300w, https:\/\/www.mlynuanastazie.sk\/wp-content\/uploads\/2025\/06\/46800973_2084346288253424_1171514005714370560_n-150x150.jpg 150w\" sizes=\"(max-width: 720px) 100vw, 720px\" \/>\t\t\t\t\t\t<\/div>\n\t\t\t\t\t\n\t\t\t\t\t\t\t\t\t\t<div class=\"elementor-testimonial-details\">\n\t\t\t\t\t\t\t\t\t\t\t\t\t\t<div class=\"elementor-testimonial-name\">Jana Fazeka\u0161ov\u00e1 Kytkov\u00e1 <\/div>\n\t\t\t\t\t\t\t\t\t\t\t\t\t\t\t\t\t\t\t<\/div>\n\t\t\t\t\t\t\t\t\t<\/div>\n\t\t\t<\/div>\n\t\t\t\t\t<\/div>\n\t\t\t\t\t\t<\/div>\n\t\t\t\t<\/div>\n\t\t\t\t<div class=\"elementor-element elementor-element-58306d3 elementor-widget elementor-widget-testimonial\" data-id=\"58306d3\" data-element_type=\"widget\" data-widget_type=\"testimonial.default\">\n\t\t\t\t<div class=\"elementor-widget-container\">\n\t\t\t\t\t\t\t<div class=\"elementor-testimonial-wrapper\">\n\t\t\t\t\t\t\t<div class=\"elementor-testimonial-content\">Naaadherna oslava dievcata\ud83d\udc9d tak \u0161ikovne \u017eeny ako vy si zasl\u00fa\u017eia len to najlep\u0161ie v \u017eivote a prajem v\u00e1m ve\u013ea ve\u013ea \u010fal\u0161\u00edch \u00faspechov pri pr\u00e1ci a tvoren\u00ed tak dokonal\u00fdch osl\u00e1v, svadieb,krstov, plesov at\u010f\ud83e\udd0d \u2026minim\u00e1lne \u010fal\u0161\u00edch 15rokov\ud83d\ude07\ud83e\udd70\ud83e\udd42<\/div>\n\t\t\t\n\t\t\t\t\t\t<div class=\"elementor-testimonial-meta elementor-has-image elementor-testimonial-image-position-aside\">\n\t\t\t\t<div class=\"elementor-testimonial-meta-inner\">\n\t\t\t\t\t\t\t\t\t\t\t<div class=\"elementor-testimonial-image\">\n\t\t\t\t\t\t\t<img decoding=\"async\" width=\"816\" height=\"816\" src=\"https:\/\/www.mlynuanastazie.sk\/wp-content\/uploads\/2025\/06\/486406351_9158962884199165_2676921287581754618_n.jpg\" class=\"attachment-full size-full wp-image-2057\" alt=\"\" srcset=\"https:\/\/www.mlynuanastazie.sk\/wp-content\/uploads\/2025\/06\/486406351_9158962884199165_2676921287581754618_n.jpg 816w, https:\/\/www.mlynuanastazie.sk\/wp-content\/uploads\/2025\/06\/486406351_9158962884199165_2676921287581754618_n-300x300.jpg 300w, https:\/\/www.mlynuanastazie.sk\/wp-content\/uploads\/2025\/06\/486406351_9158962884199165_2676921287581754618_n-150x150.jpg 150w, https:\/\/www.mlynuanastazie.sk\/wp-content\/uploads\/2025\/06\/486406351_9158962884199165_2676921287581754618_n-768x768.jpg 768w\" sizes=\"(max-width: 816px) 100vw, 816px\" \/>\t\t\t\t\t\t<\/div>\n\t\t\t\t\t\n\t\t\t\t\t\t\t\t\t\t<div class=\"elementor-testimonial-details\">\n\t\t\t\t\t\t\t\t\t\t\t\t\t\t<div class=\"elementor-testimonial-name\">John Doe<\/div>\n\t\t\t\t\t\t\t\t\t\t\t\t\t\t\t\t\t\t\t<\/div>\n\t\t\t\t\t\t\t\t\t<\/div>\n\t\t\t<\/div>\n\t\t\t\t\t<\/div>\n\t\t\t\t\t\t<\/div>\n\t\t\t\t<\/div>\n\t\t\t\t<div class=\"elementor-element elementor-element-681c8cf elementor-widget elementor-widget-testimonial\" data-id=\"681c8cf\" data-element_type=\"widget\" data-widget_type=\"testimonial.default\">\n\t\t\t\t<div class=\"elementor-widget-container\">\n\t\t\t\t\t\t\t<div class=\"elementor-testimonial-wrapper\">\n\t\t\t\t\t\t\t<div class=\"elementor-testimonial-content\">N\u00e1dhera. Ste tak\u00e9 fantastick\u00e9, \u017ee si mysl\u00edm , \u017ee lep\u0161ie by to u\u017e nemohlo byt. Ale va\u0161a fant\u00e1zia nem\u00e1 medze a v\u017edy vytvor\u00edte nie\u010do ve\u013ekolep\u00e9 a n\u00e1dhern\u00e9. Gratulujem a tlieskam va\u0161ej pr\u00e1ci \ud83d\udc4f<\/div>\n\t\t\t\n\t\t\t\t\t\t<div class=\"elementor-testimonial-meta elementor-has-image elementor-testimonial-image-position-aside\">\n\t\t\t\t<div class=\"elementor-testimonial-meta-inner\">\n\t\t\t\t\t\t\t\t\t\t\t<div class=\"elementor-testimonial-image\">\n\t\t\t\t\t\t\t<img decoding=\"async\" width=\"1414\" height=\"1414\" src=\"https:\/\/www.mlynuanastazie.sk\/wp-content\/uploads\/2025\/06\/492108576_29213784844932429_6120607749784592822_n.jpg\" class=\"attachment-full size-full wp-image-2058\" alt=\"\" srcset=\"https:\/\/www.mlynuanastazie.sk\/wp-content\/uploads\/2025\/06\/492108576_29213784844932429_6120607749784592822_n.jpg 1414w, https:\/\/www.mlynuanastazie.sk\/wp-content\/uploads\/2025\/06\/492108576_29213784844932429_6120607749784592822_n-300x300.jpg 300w, https:\/\/www.mlynuanastazie.sk\/wp-content\/uploads\/2025\/06\/492108576_29213784844932429_6120607749784592822_n-1024x1024.jpg 1024w, https:\/\/www.mlynuanastazie.sk\/wp-content\/uploads\/2025\/06\/492108576_29213784844932429_6120607749784592822_n-150x150.jpg 150w, https:\/\/www.mlynuanastazie.sk\/wp-content\/uploads\/2025\/06\/492108576_29213784844932429_6120607749784592822_n-768x768.jpg 768w\" sizes=\"(max-width: 1414px) 100vw, 1414px\" \/>\t\t\t\t\t\t<\/div>\n\t\t\t\t\t\n\t\t\t\t\t\t\t\t\t\t<div class=\"elementor-testimonial-details\">\n\t\t\t\t\t\t\t\t\t\t\t\t\t\t<div class=\"elementor-testimonial-name\">Judita Kelemenov\u00e1<\/div>\n\t\t\t\t\t\t\t\t\t\t\t\t\t\t\t\t\t\t\t<\/div>\n\t\t\t\t\t\t\t\t\t<\/div>\n\t\t\t<\/div>\n\t\t\t\t\t<\/div>\n\t\t\t\t\t\t<\/div>\n\t\t\t\t<\/div>\n\t\t\t\t\t<\/div>\n\t\t\t\t<\/div>\n\t\t<div class=\"elementor-element elementor-element-89133c9 e-flex e-con-boxed e-con e-parent\" data-id=\"89133c9\" data-element_type=\"container\">\n\t\t\t\t\t<div class=\"e-con-inner\">\n\t\t\t\t\t<\/div>\n\t\t\t\t<\/div>\n\t\t<div class=\"elementor-element elementor-element-2088c85 e-flex e-con-boxed e-con e-parent\" data-id=\"2088c85\" data-element_type=\"container\">\n\t\t\t\t\t<div class=\"e-con-inner\">\n\t\t\t\t<div class=\"elementor-element elementor-element-14fe7f8 elementor-widget elementor-widget-video\" data-id=\"14fe7f8\" data-element_type=\"widget\" data-settings=\"{&quot;video_type&quot;:&quot;hosted&quot;,&quot;controls&quot;:&quot;yes&quot;}\" data-widget_type=\"video.default\">\n\t\t\t\t<div class=\"elementor-widget-container\">\n\t\t\t\t\t\t\t<div class=\"e-hosted-video elementor-wrapper elementor-open-inline\">\n\t\t\t\t\t<video class=\"elementor-video\" src=\"https:\/\/www.mlynuanastazie.sk\/wp-content\/uploads\/2025\/06\/FDownloader.Net_AQMOwzJxHMm8yKucWhRpMzeW61cHhpd5cRiH7LgqEMDaqbpl03u7VRldirKd1CuropEhOhZ8nKMUQDY7f0X1J4zB_720p_HD.mp4\" controls=\"\" preload=\"metadata\" controlsList=\"nodownload\"><\/video>\n\t\t\t\t<\/div>\n\t\t\t\t\t\t<\/div>\n\t\t\t\t<\/div>\n\t\t\t\t\t<\/div>\n\t\t\t\t<\/div>\n\t\t\t\t<\/div>\n\t\t","protected":false},"excerpt":{"rendered":"<p>Na\u0161e 15. narodeniny sme osl\u00e1vili vo ve\u013ekom \u0161t\u00fdle \u2013 v duchu Gatsbyho \u00e9ry! Bola to nezabudnute\u013en\u00e1 p\u00e1rty a sme nesmierne v\u010fa\u010dn\u00ed, \u017ee ste boli jej s\u00fa\u010das\u0165ou. \u010eakujeme ka\u017ed\u00e9mu jedn\u00e9mu hos\u0165ovi, ktor\u00fd sa u n\u00e1s po\u010das uplynul\u00fdch 15 rokov zastavil. Najv\u00e4\u010d\u0161ou rados\u0165ou je pre n\u00e1s mo\u017enos\u0165 robi\u0165 to, \u010do milujeme, a deli\u0165 sa o chv\u00edle pln\u00e9 [&hellip;]<\/p>\n","protected":false},"author":1,"featured_media":0,"parent":0,"menu_order":0,"comment_status":"closed","ping_status":"closed","template":"","meta":{"om_disable_all_campaigns":false,"_monsterinsights_skip_tracking":false,"_monsterinsights_sitenote_active":false,"_monsterinsights_sitenote_note":"","_monsterinsights_sitenote_category":0,"footnotes":""},"class_list":["post-1953","page","type-page","status-publish","hentry"],"blocksy_meta":[],"aioseo_notices":[],"_links":{"self":[{"href":"https:\/\/www.mlynuanastazie.sk\/index.php\/wp-json\/wp\/v2\/pages\/1953","targetHints":{"allow":["GET"]}}],"collection":[{"href":"https:\/\/www.mlynuanastazie.sk\/index.php\/wp-json\/wp\/v2\/pages"}],"about":[{"href":"https:\/\/www.mlynuanastazie.sk\/index.php\/wp-json\/wp\/v2\/types\/page"}],"author":[{"embeddable":true,"href":"https:\/\/www.mlynuanastazie.sk\/index.php\/wp-json\/wp\/v2\/users\/1"}],"replies":[{"embeddable":true,"href":"https:\/\/www.mlynuanastazie.sk\/index.php\/wp-json\/wp\/v2\/comments?post=1953"}],"version-history":[{"count":20,"href":"https:\/\/www.mlynuanastazie.sk\/index.php\/wp-json\/wp\/v2\/pages\/1953\/revisions"}],"predecessor-version":[{"id":2376,"href":"https:\/\/www.mlynuanastazie.sk\/index.php\/wp-json\/wp\/v2\/pages\/1953\/revisions\/2376"}],"wp:attachment":[{"href":"https:\/\/www.mlynuanastazie.sk\/index.php\/wp-json\/wp\/v2\/media?parent=1953"}],"curies":[{"name":"wp","href":"https:\/\/api.w.org\/{rel}","templated":true}]}}